{"id":15,"date":"2021-03-05T12:46:53","date_gmt":"2021-03-05T12:46:53","guid":{"rendered":"https:\/\/web1.4vlab.org\/?page_id=15"},"modified":"2021-03-25T14:40:52","modified_gmt":"2021-03-25T14:40:52","slug":"quienes-somos","status":"publish","type":"page","link":"https:\/\/web1.4vlab.org\/index.php\/quienes-somos\/","title":{"rendered":"Qui\u00e9nes somos"},"content":{"rendered":"\t\t<div data-elementor-type=\"wp-page\" data-elementor-id=\"15\" class=\"elementor elementor-15\" data-elementor-settings=\"[]\">\n\t\t\t\t\t\t\t<div class=\"elementor-section-wrap\">\n\t\t\t\t\t\t\t<section class=\"elementor-section elementor-top-section elementor-element elementor-element-18a58693 elementor-section-content-middle elementor-section-boxed elementor-section-height-default elementor-section-height-default\" data-id=\"18a58693\" data-element_type=\"section\">\n\t\t\t\t\t\t<div class=\"elementor-container elementor-column-gap-no\">\n\t\t\t\t\t<div class=\"elementor-column elementor-col-50 elementor-top-column elementor-element elementor-element-2a61407f\" data-id=\"2a61407f\" data-element_type=\"column\">\n\t\t\t<div class=\"elementor-widget-wrap elementor-element-populated\">\n\t\t\t\t\t\t\t\t<div class=\"elementor-element elementor-element-2dd59962 elementor-widget-divider--view-line elementor-widget elementor-widget-divider\" data-id=\"2dd59962\" data-element_type=\"widget\" data-widget_type=\"divider.default\">\n\t\t\t\t<div class=\"elementor-widget-container\">\n\t\t\t\t\t<div class=\"elementor-divider\">\n\t\t\t<span class=\"elementor-divider-separator\">\n\t\t\t\t\t\t<\/span>\n\t\t<\/div>\n\t\t\t\t<\/div>\n\t\t\t\t<\/div>\n\t\t\t\t<div class=\"elementor-element elementor-element-7747e507 elementor-widget elementor-widget-heading\" data-id=\"7747e507\" data-element_type=\"widget\" data-widget_type=\"heading.default\">\n\t\t\t\t<div class=\"elementor-widget-container\">\n\t\t\t<h4 class=\"elementor-heading-title elementor-size-default\">QUI\u00c9NES SOMOS<\/h4>\t\t<\/div>\n\t\t\t\t<\/div>\n\t\t\t\t\t<\/div>\n\t\t<\/div>\n\t\t\t\t<div class=\"elementor-column elementor-col-50 elementor-top-column elementor-element elementor-element-90be74\" data-id=\"90be74\" data-element_type=\"column\">\n\t\t\t<div class=\"elementor-widget-wrap elementor-element-populated\">\n\t\t\t\t\t\t\t\t<div class=\"elementor-element elementor-element-4fba4340 elementor-widget elementor-widget-text-editor\" data-id=\"4fba4340\" data-element_type=\"widget\" data-widget_type=\"text-editor.default\">\n\t\t\t\t<div class=\"elementor-widget-container\">\n\t\t\t\t\t<div class=\"elementor-text-editor elementor-clearfix\"><p>Think in Green abre sus puertas al p\u00fablico para ofrecer los mejores art\u00edculos relacionados con el mundo ecol\u00f3gico.<\/p>\n<p>Nuestra m\u00e1xima prioridad es el esp\u00edritu de servicio, ayudar al planeta y a nuestros clientes, adapt\u00e1ndonos a sus necesidades.&nbsp;<\/p>\n<p>Proporcionamos un servicio completo de venta de productos ecol\u00f3gicos, biodegradables y reutilizables, disponemos de nuestro propio taller d\u00f3nde adaptamos, reparamos o restauramos sus productos, gestionamos y tramitamos las ayudas recibidas de nuestros clientes para contribuir con nuestro planeta .<\/p><\/div>\n\t\t\t\t<\/div>\n\t\t\t\t<\/div>\n\t\t\t\t<div class=\"elementor-element elementor-element-23068e7c elementor-widget elementor-widget-text-editor\" data-id=\"23068e7c\" data-element_type=\"widget\" data-widget_type=\"text-editor.default\">\n\t\t\t\t<div class=\"elementor-widget-container\">\n\t\t\t\t\t<div class=\"elementor-text-editor elementor-clearfix\"><div>\n<p>Para ello trabajamos con los principales distribuidores y marcas del sector, con el objetivo de atender y asesorar con suma seriedad y total garant\u00eda. Adem\u00e1s contamos con un equipo altamente cualificado.<\/p>\n<\/div><\/div>\n\t\t\t\t<\/div>\n\t\t\t\t<\/div>\n\t\t\t\t\t<\/div>\n\t\t<\/div>\n\t\t\t\t\t\t\t<\/div>\n\t\t<\/section>\n\t\t\t\t<section class=\"elementor-section elementor-top-section elementor-element elementor-element-3d523511 elementor-section-boxed elementor-section-height-default elementor-section-height-default elementor-invisible\" data-id=\"3d523511\" data-element_type=\"section\" data-settings=\"{&quot;background_background&quot;:&quot;classic&quot;,&quot;animation&quot;:&quot;fadeInLeft&quot;}\">\n\t\t\t\t\t\t<div class=\"elementor-container elementor-column-gap-no\">\n\t\t\t\t\t<div class=\"elementor-column elementor-col-33 elementor-top-column elementor-element elementor-element-3da038b8\" data-id=\"3da038b8\" data-element_type=\"column\" data-settings=\"{&quot;background_background&quot;:&quot;classic&quot;}\">\n\t\t\t<div class=\"elementor-widget-wrap elementor-element-populated\">\n\t\t\t\t\t\t\t\t<div class=\"elementor-element elementor-element-44ef765c elementor-vertical-align-middle elementor-position-top elementor-widget elementor-widget-image-box\" data-id=\"44ef765c\" data-element_type=\"widget\" data-widget_type=\"image-box.default\">\n\t\t\t\t<div class=\"elementor-widget-container\">\n\t\t\t<div class=\"elementor-image-box-wrapper\"><figure class=\"elementor-image-box-img\"><img loading=\"lazy\" decoding=\"async\" width=\"400\" height=\"400\" src=\"https:\/\/web1.4vlab.org\/wp-content\/uploads\/2021\/03\/ava1.png\" class=\"attachment-full size-full\" alt=\"\" srcset=\"https:\/\/web1.4vlab.org\/wp-content\/uploads\/2021\/03\/ava1.png 400w, https:\/\/web1.4vlab.org\/wp-content\/uploads\/2021\/03\/ava1-300x300.png 300w, https:\/\/web1.4vlab.org\/wp-content\/uploads\/2021\/03\/ava1-150x150.png 150w, https:\/\/web1.4vlab.org\/wp-content\/uploads\/2021\/03\/ava1-60x60.png 60w\" sizes=\"auto, (max-width: 400px) 100vw, 400px\" \/><\/figure><div class=\"elementor-image-box-content\"><p class=\"elementor-image-box-title\">Mar\u00eda Guam\u00e1n<\/p><p class=\"elementor-image-box-description\">GERENTE DE EQUIPO<\/p><\/div><\/div>\t\t<\/div>\n\t\t\t\t<\/div>\n\t\t\t\t<div class=\"elementor-element elementor-element-5a58439f elementor-widget elementor-widget-text-editor\" data-id=\"5a58439f\" data-element_type=\"widget\" data-widget_type=\"text-editor.default\">\n\t\t\t\t<div class=\"elementor-widget-container\">\n\t\t\t\t\t<div class=\"elementor-text-editor elementor-clearfix\"><p>\u00abNo hay que adaptarse al cambio, hay que generarlo\u00bb<\/p><\/div>\n\t\t\t\t<\/div>\n\t\t\t\t<\/div>\n\t\t\t\t\t<\/div>\n\t\t<\/div>\n\t\t\t\t<div class=\"elementor-column elementor-col-33 elementor-top-column elementor-element elementor-element-565823f1\" data-id=\"565823f1\" data-element_type=\"column\" data-settings=\"{&quot;background_background&quot;:&quot;classic&quot;}\">\n\t\t\t<div class=\"elementor-widget-wrap elementor-element-populated\">\n\t\t\t\t\t\t\t\t<div class=\"elementor-element elementor-element-37f65614 elementor-vertical-align-middle elementor-position-top elementor-widget elementor-widget-image-box\" data-id=\"37f65614\" data-element_type=\"widget\" data-widget_type=\"image-box.default\">\n\t\t\t\t<div class=\"elementor-widget-container\">\n\t\t\t<div class=\"elementor-image-box-wrapper\"><figure class=\"elementor-image-box-img\"><img loading=\"lazy\" decoding=\"async\" width=\"400\" height=\"400\" src=\"https:\/\/web1.4vlab.org\/wp-content\/uploads\/2021\/03\/ava2.png\" class=\"attachment-full size-full\" alt=\"\" srcset=\"https:\/\/web1.4vlab.org\/wp-content\/uploads\/2021\/03\/ava2.png 400w, https:\/\/web1.4vlab.org\/wp-content\/uploads\/2021\/03\/ava2-300x300.png 300w, https:\/\/web1.4vlab.org\/wp-content\/uploads\/2021\/03\/ava2-150x150.png 150w, https:\/\/web1.4vlab.org\/wp-content\/uploads\/2021\/03\/ava2-60x60.png 60w\" sizes=\"auto, (max-width: 400px) 100vw, 400px\" \/><\/figure><div class=\"elementor-image-box-content\"><p class=\"elementor-image-box-title\">David Pi\u00f1ar<\/p><p class=\"elementor-image-box-description\">DISE\u00d1ADOR GR\u00c1FICO<\/p><\/div><\/div>\t\t<\/div>\n\t\t\t\t<\/div>\n\t\t\t\t<div class=\"elementor-element elementor-element-9021fb3 elementor-widget elementor-widget-text-editor\" data-id=\"9021fb3\" data-element_type=\"widget\" data-widget_type=\"text-editor.default\">\n\t\t\t\t<div class=\"elementor-widget-container\">\n\t\t\t\t\t<div class=\"elementor-text-editor elementor-clearfix\"><p>\u00abNo me gusta repetir el \u00e9xito, me gusta probar cosas nuevas para tener \u00e9xito\u00bb<\/p><\/div>\n\t\t\t\t<\/div>\n\t\t\t\t<\/div>\n\t\t\t\t\t<\/div>\n\t\t<\/div>\n\t\t\t\t<div class=\"elementor-column elementor-col-33 elementor-top-column elementor-element elementor-element-40f4b33b\" data-id=\"40f4b33b\" data-element_type=\"column\" data-settings=\"{&quot;background_background&quot;:&quot;classic&quot;}\">\n\t\t\t<div class=\"elementor-widget-wrap elementor-element-populated\">\n\t\t\t\t\t\t\t\t<div class=\"elementor-element elementor-element-69214d61 elementor-vertical-align-middle elementor-position-top elementor-widget elementor-widget-image-box\" data-id=\"69214d61\" data-element_type=\"widget\" data-widget_type=\"image-box.default\">\n\t\t\t\t<div class=\"elementor-widget-container\">\n\t\t\t<div class=\"elementor-image-box-wrapper\"><figure class=\"elementor-image-box-img\"><img loading=\"lazy\" decoding=\"async\" width=\"400\" height=\"400\" src=\"https:\/\/web1.4vlab.org\/wp-content\/uploads\/2021\/03\/ava4.png\" class=\"attachment-full size-full\" alt=\"\" srcset=\"https:\/\/web1.4vlab.org\/wp-content\/uploads\/2021\/03\/ava4.png 400w, https:\/\/web1.4vlab.org\/wp-content\/uploads\/2021\/03\/ava4-300x300.png 300w, https:\/\/web1.4vlab.org\/wp-content\/uploads\/2021\/03\/ava4-150x150.png 150w, https:\/\/web1.4vlab.org\/wp-content\/uploads\/2021\/03\/ava4-60x60.png 60w\" sizes=\"auto, (max-width: 400px) 100vw, 400px\" \/><\/figure><div class=\"elementor-image-box-content\"><p class=\"elementor-image-box-title\">Leo Fonkeng<\/p><p class=\"elementor-image-box-description\">RECURSOS HUMANOS<\/p><\/div><\/div>\t\t<\/div>\n\t\t\t\t<\/div>\n\t\t\t\t<div class=\"elementor-element elementor-element-6e2284a4 elementor-widget elementor-widget-text-editor\" data-id=\"6e2284a4\" data-element_type=\"widget\" data-widget_type=\"text-editor.default\">\n\t\t\t\t<div class=\"elementor-widget-container\">\n\t\t\t\t\t<div class=\"elementor-text-editor elementor-clearfix\"><p>\u00abLa forma de emprender algo es dejando de hablar de ello y empezar a hacerlo\u00bb<\/p><\/div>\n\t\t\t\t<\/div>\n\t\t\t\t<\/div>\n\t\t\t\t\t<\/div>\n\t\t<\/div>\n\t\t\t\t\t\t\t<\/div>\n\t\t<\/section>\n\t\t\t\t<section class=\"elementor-section elementor-top-section elementor-element elementor-element-cf1026b elementor-section-boxed elementor-section-height-default elementor-section-height-default elementor-invisible\" data-id=\"cf1026b\" data-element_type=\"section\" data-settings=\"{&quot;background_background&quot;:&quot;classic&quot;,&quot;animation&quot;:&quot;fadeInRight&quot;}\">\n\t\t\t\t\t\t<div class=\"elementor-container elementor-column-gap-no\">\n\t\t\t\t\t<div class=\"elementor-column elementor-col-33 elementor-top-column elementor-element elementor-element-7874d22\" data-id=\"7874d22\" data-element_type=\"column\" data-settings=\"{&quot;background_background&quot;:&quot;classic&quot;}\">\n\t\t\t<div class=\"elementor-widget-wrap elementor-element-populated\">\n\t\t\t\t\t\t\t\t<div class=\"elementor-element elementor-element-0e1ff17 elementor-vertical-align-middle elementor-position-top elementor-widget elementor-widget-image-box\" data-id=\"0e1ff17\" data-element_type=\"widget\" data-widget_type=\"image-box.default\">\n\t\t\t\t<div class=\"elementor-widget-container\">\n\t\t\t<div class=\"elementor-image-box-wrapper\"><figure class=\"elementor-image-box-img\"><img loading=\"lazy\" decoding=\"async\" width=\"400\" height=\"400\" src=\"https:\/\/web1.4vlab.org\/wp-content\/uploads\/2021\/03\/y10.png\" class=\"attachment-full size-full\" alt=\"\" srcset=\"https:\/\/web1.4vlab.org\/wp-content\/uploads\/2021\/03\/y10.png 400w, https:\/\/web1.4vlab.org\/wp-content\/uploads\/2021\/03\/y10-300x300.png 300w, https:\/\/web1.4vlab.org\/wp-content\/uploads\/2021\/03\/y10-150x150.png 150w, https:\/\/web1.4vlab.org\/wp-content\/uploads\/2021\/03\/y10-60x60.png 60w\" sizes=\"auto, (max-width: 400px) 100vw, 400px\" \/><\/figure><div class=\"elementor-image-box-content\"><p class=\"elementor-image-box-title\">\u00c1ngela Gal\u00e1n<\/p><p class=\"elementor-image-box-description\">ENCARGADA REDES SOCIALES<\/p><\/div><\/div>\t\t<\/div>\n\t\t\t\t<\/div>\n\t\t\t\t<div class=\"elementor-element elementor-element-b4bf8d8 elementor-widget elementor-widget-text-editor\" data-id=\"b4bf8d8\" data-element_type=\"widget\" data-widget_type=\"text-editor.default\">\n\t\t\t\t<div class=\"elementor-widget-container\">\n\t\t\t\t\t<div class=\"elementor-text-editor elementor-clearfix\"><p>\u00abPuedo aceptar el fracaso, todos fracasamos en algo. Pero no puedo aceptar el no haberlo intentado\u00bb\u00a0<\/p><\/div>\n\t\t\t\t<\/div>\n\t\t\t\t<\/div>\n\t\t\t\t\t<\/div>\n\t\t<\/div>\n\t\t\t\t<div class=\"elementor-column elementor-col-33 elementor-top-column elementor-element elementor-element-4653079\" data-id=\"4653079\" data-element_type=\"column\" data-settings=\"{&quot;background_background&quot;:&quot;classic&quot;}\">\n\t\t\t<div class=\"elementor-widget-wrap elementor-element-populated\">\n\t\t\t\t\t\t\t\t<div class=\"elementor-element elementor-element-a7276db elementor-vertical-align-middle elementor-position-top elementor-widget elementor-widget-image-box\" data-id=\"a7276db\" data-element_type=\"widget\" data-widget_type=\"image-box.default\">\n\t\t\t\t<div class=\"elementor-widget-container\">\n\t\t\t<div class=\"elementor-image-box-wrapper\"><figure class=\"elementor-image-box-img\"><img loading=\"lazy\" decoding=\"async\" width=\"400\" height=\"400\" src=\"https:\/\/web1.4vlab.org\/wp-content\/uploads\/2021\/03\/ava2.png\" class=\"attachment-full size-full\" alt=\"\" srcset=\"https:\/\/web1.4vlab.org\/wp-content\/uploads\/2021\/03\/ava2.png 400w, https:\/\/web1.4vlab.org\/wp-content\/uploads\/2021\/03\/ava2-300x300.png 300w, https:\/\/web1.4vlab.org\/wp-content\/uploads\/2021\/03\/ava2-150x150.png 150w, https:\/\/web1.4vlab.org\/wp-content\/uploads\/2021\/03\/ava2-60x60.png 60w\" sizes=\"auto, (max-width: 400px) 100vw, 400px\" \/><\/figure><div class=\"elementor-image-box-content\"><p class=\"elementor-image-box-title\">Iv\u00e1n G\u00f3rriz<\/p><p class=\"elementor-image-box-description\">GERENTE FINANCIERO<\/p><\/div><\/div>\t\t<\/div>\n\t\t\t\t<\/div>\n\t\t\t\t<div class=\"elementor-element elementor-element-5598436 elementor-widget elementor-widget-text-editor\" data-id=\"5598436\" data-element_type=\"widget\" data-widget_type=\"text-editor.default\">\n\t\t\t\t<div class=\"elementor-widget-container\">\n\t\t\t\t\t<div class=\"elementor-text-editor elementor-clearfix\"><p>\u00abEn toda historia de \u00e9xito encontrar\u00e1s a alguien que tom\u00f3 una decisi\u00f3n valiente\u00bb<\/p><\/div>\n\t\t\t\t<\/div>\n\t\t\t\t<\/div>\n\t\t\t\t\t<\/div>\n\t\t<\/div>\n\t\t\t\t<div class=\"elementor-column elementor-col-33 elementor-top-column elementor-element elementor-element-f593bae\" data-id=\"f593bae\" data-element_type=\"column\" data-settings=\"{&quot;background_background&quot;:&quot;classic&quot;}\">\n\t\t\t<div class=\"elementor-widget-wrap elementor-element-populated\">\n\t\t\t\t\t\t\t\t<div class=\"elementor-element elementor-element-00fab04 elementor-vertical-align-middle elementor-position-top elementor-widget elementor-widget-image-box\" data-id=\"00fab04\" data-element_type=\"widget\" data-widget_type=\"image-box.default\">\n\t\t\t\t<div class=\"elementor-widget-container\">\n\t\t\t<div class=\"elementor-image-box-wrapper\"><figure class=\"elementor-image-box-img\"><img loading=\"lazy\" decoding=\"async\" width=\"400\" height=\"400\" src=\"https:\/\/web1.4vlab.org\/wp-content\/uploads\/2021\/03\/y9.png\" class=\"attachment-full size-full\" alt=\"\" srcset=\"https:\/\/web1.4vlab.org\/wp-content\/uploads\/2021\/03\/y9.png 400w, https:\/\/web1.4vlab.org\/wp-content\/uploads\/2021\/03\/y9-300x300.png 300w, https:\/\/web1.4vlab.org\/wp-content\/uploads\/2021\/03\/y9-150x150.png 150w, https:\/\/web1.4vlab.org\/wp-content\/uploads\/2021\/03\/y9-60x60.png 60w\" sizes=\"auto, (max-width: 400px) 100vw, 400px\" \/><\/figure><div class=\"elementor-image-box-content\"><p class=\"elementor-image-box-title\">Oihane Santamar\u00eda<\/p><p class=\"elementor-image-box-description\">GERENTE COMERCIAL<\/p><\/div><\/div>\t\t<\/div>\n\t\t\t\t<\/div>\n\t\t\t\t<div class=\"elementor-element elementor-element-a18a82a elementor-widget elementor-widget-text-editor\" data-id=\"a18a82a\" data-element_type=\"widget\" data-widget_type=\"text-editor.default\">\n\t\t\t\t<div class=\"elementor-widget-container\">\n\t\t\t\t\t<div class=\"elementor-text-editor elementor-clearfix\"><p>\u00abSue\u00f1a en grande y atr\u00e9vete a fallar\u00bb<\/p><\/div>\n\t\t\t\t<\/div>\n\t\t\t\t<\/div>\n\t\t\t\t\t<\/div>\n\t\t<\/div>\n\t\t\t\t\t\t\t<\/div>\n\t\t<\/section>\n\t\t\t\t<section class=\"elementor-section elementor-top-section elementor-element elementor-element-726134e5 elementor-section-content-middle elementor-section-boxed elementor-section-height-default elementor-section-height-default\" data-id=\"726134e5\" data-element_type=\"section\">\n\t\t\t\t\t\t<div class=\"elementor-container elementor-column-gap-no\">\n\t\t\t\t\t<div class=\"elementor-column elementor-col-25 elementor-top-column elementor-element elementor-element-16f0eef1\" data-id=\"16f0eef1\" data-element_type=\"column\">\n\t\t\t<div class=\"elementor-widget-wrap elementor-element-populated\">\n\t\t\t\t\t\t\t\t<div class=\"elementor-element elementor-element-6eda6abd elementor-widget elementor-widget-counter\" data-id=\"6eda6abd\" data-element_type=\"widget\" data-widget_type=\"counter.default\">\n\t\t\t\t<div class=\"elementor-widget-container\">\n\t\t\t\t\t<div class=\"elementor-counter\">\n\t\t\t<div class=\"elementor-counter-number-wrapper\">\n\t\t\t\t<span class=\"elementor-counter-number-prefix\"><\/span>\n\t\t\t\t<span class=\"elementor-counter-number\" data-duration=\"2000\" data-to-value=\"88\" data-from-value=\"1\" data-delimiter=\",\">1<\/span>\n\t\t\t\t<span class=\"elementor-counter-number-suffix\">%<\/span>\n\t\t\t<\/div>\n\t\t\t\t\t\t\t<div class=\"elementor-counter-title\">COMPETENCIA<\/div>\n\t\t\t\t\t<\/div>\n\t\t\t\t<\/div>\n\t\t\t\t<\/div>\n\t\t\t\t\t<\/div>\n\t\t<\/div>\n\t\t\t\t<div class=\"elementor-column elementor-col-25 elementor-top-column elementor-element elementor-element-4ac6fe84\" data-id=\"4ac6fe84\" data-element_type=\"column\">\n\t\t\t<div class=\"elementor-widget-wrap elementor-element-populated\">\n\t\t\t\t\t\t\t\t<div class=\"elementor-element elementor-element-4749c30a elementor-widget elementor-widget-counter\" data-id=\"4749c30a\" data-element_type=\"widget\" data-widget_type=\"counter.default\">\n\t\t\t\t<div class=\"elementor-widget-container\">\n\t\t\t\t\t<div class=\"elementor-counter\">\n\t\t\t<div class=\"elementor-counter-number-wrapper\">\n\t\t\t\t<span class=\"elementor-counter-number-prefix\"><\/span>\n\t\t\t\t<span class=\"elementor-counter-number\" data-duration=\"2000\" data-to-value=\"97\" data-from-value=\"1\" data-delimiter=\",\">1<\/span>\n\t\t\t\t<span class=\"elementor-counter-number-suffix\">%<\/span>\n\t\t\t<\/div>\n\t\t\t\t\t\t\t<div class=\"elementor-counter-title\">PROFESIONALIDAD<\/div>\n\t\t\t\t\t<\/div>\n\t\t\t\t<\/div>\n\t\t\t\t<\/div>\n\t\t\t\t\t<\/div>\n\t\t<\/div>\n\t\t\t\t<div class=\"elementor-column elementor-col-25 elementor-top-column elementor-element elementor-element-39cdd6fd\" data-id=\"39cdd6fd\" data-element_type=\"column\">\n\t\t\t<div class=\"elementor-widget-wrap elementor-element-populated\">\n\t\t\t\t\t\t\t\t<div class=\"elementor-element elementor-element-6fed8c34 elementor-widget elementor-widget-counter\" data-id=\"6fed8c34\" data-element_type=\"widget\" data-widget_type=\"counter.default\">\n\t\t\t\t<div class=\"elementor-widget-container\">\n\t\t\t\t\t<div class=\"elementor-counter\">\n\t\t\t<div class=\"elementor-counter-number-wrapper\">\n\t\t\t\t<span class=\"elementor-counter-number-prefix\"><\/span>\n\t\t\t\t<span class=\"elementor-counter-number\" data-duration=\"2000\" data-to-value=\"89\" data-from-value=\"1\" data-delimiter=\",\">1<\/span>\n\t\t\t\t<span class=\"elementor-counter-number-suffix\">%<\/span>\n\t\t\t<\/div>\n\t\t\t\t\t\t\t<div class=\"elementor-counter-title\">ASISTENCIA<\/div>\n\t\t\t\t\t<\/div>\n\t\t\t\t<\/div>\n\t\t\t\t<\/div>\n\t\t\t\t\t<\/div>\n\t\t<\/div>\n\t\t\t\t<div class=\"elementor-column elementor-col-25 elementor-top-column elementor-element elementor-element-1d232aed\" data-id=\"1d232aed\" data-element_type=\"column\">\n\t\t\t<div class=\"elementor-widget-wrap elementor-element-populated\">\n\t\t\t\t\t\t\t\t<div class=\"elementor-element elementor-element-2648ae elementor-widget elementor-widget-counter\" data-id=\"2648ae\" data-element_type=\"widget\" data-widget_type=\"counter.default\">\n\t\t\t\t<div class=\"elementor-widget-container\">\n\t\t\t\t\t<div class=\"elementor-counter\">\n\t\t\t<div class=\"elementor-counter-number-wrapper\">\n\t\t\t\t<span class=\"elementor-counter-number-prefix\"><\/span>\n\t\t\t\t<span class=\"elementor-counter-number\" data-duration=\"2000\" data-to-value=\"90\" data-from-value=\"1\" data-delimiter=\",\">1<\/span>\n\t\t\t\t<span class=\"elementor-counter-number-suffix\">%<\/span>\n\t\t\t<\/div>\n\t\t\t\t\t\t\t<div class=\"elementor-counter-title\">ACONSEJAR<\/div>\n\t\t\t\t\t<\/div>\n\t\t\t\t<\/div>\n\t\t\t\t<\/div>\n\t\t\t\t\t<\/div>\n\t\t<\/div>\n\t\t\t\t\t\t\t<\/div>\n\t\t<\/section>\n\t\t\t\t\t\t<\/div>\n\t\t\t\t\t<\/div>\n\t\t","protected":false},"excerpt":{"rendered":"<p>QUI\u00c9NES SOMOS Think in Green abre sus puertas al p\u00fablico para ofrecer los mejores art\u00edculos relacionados con el mundo ecol\u00f3gico. Nuestra m\u00e1xima prioridad es el esp\u00edritu de servicio, ayudar al planeta y a nuestros clientes, adapt\u00e1ndonos a sus necesidades.&nbsp; Proporcionamos un servicio completo de venta de productos ecol\u00f3gicos, biodegradables y reutilizables, disponemos de nuestro propio &hellip; <\/p>\n","protected":false},"author":3,"featured_media":51,"parent":0,"menu_order":0,"comment_status":"closed","ping_status":"closed","template":"","meta":{"footnotes":""},"class_list":["post-15","page","type-page","status-publish","has-post-thumbnail","hentry"],"_links":{"self":[{"href":"https:\/\/web1.4vlab.org\/index.php\/wp-json\/wp\/v2\/pages\/15","targetHints":{"allow":["GET"]}}],"collection":[{"href":"https:\/\/web1.4vlab.org\/index.php\/wp-json\/wp\/v2\/pages"}],"about":[{"href":"https:\/\/web1.4vlab.org\/index.php\/wp-json\/wp\/v2\/types\/page"}],"author":[{"embeddable":true,"href":"https:\/\/web1.4vlab.org\/index.php\/wp-json\/wp\/v2\/users\/3"}],"replies":[{"embeddable":true,"href":"https:\/\/web1.4vlab.org\/index.php\/wp-json\/wp\/v2\/comments?post=15"}],"version-history":[{"count":142,"href":"https:\/\/web1.4vlab.org\/index.php\/wp-json\/wp\/v2\/pages\/15\/revisions"}],"predecessor-version":[{"id":1190,"href":"https:\/\/web1.4vlab.org\/index.php\/wp-json\/wp\/v2\/pages\/15\/revisions\/1190"}],"wp:featuredmedia":[{"embeddable":true,"href":"https:\/\/web1.4vlab.org\/index.php\/wp-json\/wp\/v2\/media\/51"}],"wp:attachment":[{"href":"https:\/\/web1.4vlab.org\/index.php\/wp-json\/wp\/v2\/media?parent=15"}],"curies":[{"name":"wp","href":"https:\/\/api.w.org\/{rel}","templated":true}]}}